{"id":62,"date":"2025-07-16T17:59:48","date_gmt":"2025-07-16T17:59:48","guid":{"rendered":"https:\/\/nagaraflow.com\/?page_id=62"},"modified":"2025-07-17T14:17:54","modified_gmt":"2025-07-17T14:17:54","slug":"uber-mich","status":"publish","type":"page","link":"https:\/\/nagaraflow.com\/?page_id=62","title":{"rendered":"\u00dcber mich"},"content":{"rendered":"\n<h3 class=\"wp-block-heading\">Mein Antrieb?<\/h3>\n\n\n\n<p>Nach \u00fcber 35 Jahren Industrieerfahrung \u2013 von kleinen Betrieben bis zu gro\u00dfen internationalen Unternehmen \u2013 kenne ich die praktischen Herausforderungen genau.<br>Diesen Erfahrungsschatz setze ich heute ein, um Unternehmen dabei zu unterst\u00fctzen, ihre Abl\u00e4ufe und ihre Zusammenarbeit neu zu denken: einfacher, effizienter und nachhaltiger.<\/p>\n\n\n\n<h3 class=\"wp-block-heading\">Meine Leidenschaft?<\/h3>\n\n\n\n<p>Ich freue mich, wenn Unternehmen erfolgreich sind und die Mitarbeitenden mit Freude im Unternehmen arbeiten und mitdenken.<\/p>\n\n\n\n<p>Ob es darum geht, Prozesse zu optimieren oder eine Unternehmenskultur zu schaffen, die wirklich funktioniert \u2013 genau das treibt mich an.<\/p>\n\n\n\n<h3 class=\"wp-block-heading\">Meine Werte?<\/h3>\n\n\n\n<ul class=\"wp-block-list\">\n<li>Gegenseitiger Respekt, R\u00fccksichtnahme<\/li>\n\n\n\n<li>Ehrlichkeit, Integrit\u00e4t<\/li>\n\n\n\n<li>Erfahrung, Wissen<\/li>\n\n\n\n<li>Menschen inspirieren, \u00fcberzeugen<\/li>\n<\/ul>\n\n\n\n<h3 class=\"wp-block-heading\">Unser Versprechen<\/h3>\n\n\n\n<p>Wir begleiten Unternehmen dabei, ihre Prozesse schlanker, effizienter und nachhaltiger zu gestalten \u2013 mit praxisnahem Lean-Management und ganzheitlichem Qualit\u00e4tsdenken.<br>Unser Coaching bef\u00e4higt Teams, selbstst\u00e4ndig zu handeln, Verschwendung zu erkennen und kontinuierlich besser zu werden.<br>Dabei setzen wir auf erprobte Methoden, ehrliches Feedback und eine Kultur des Vertrauens. Gemeinsam schaffen wir eine Arbeitswelt, in der&nbsp; Lean und Qualit\u00e4t nicht nur verstanden, sondern im Alltag gelebt werden.<\/p>\n","protected":false},"excerpt":{"rendered":"<p>Mein Antrieb? Nach \u00fcber 35 Jahren Industrieerfahrung \u2013 von kleinen Betrieben bis zu gro\u00dfen internationalen Unternehmen \u2013 kenne ich die praktischen Herausforderungen genau.Diesen Erfahrungsschatz setze ich heute ein, um Unternehmen dabei zu unterst\u00fctzen, ihre Abl\u00e4ufe und ihre Zusammenarbeit neu zu denken: einfacher, effizienter und nachhaltiger. Meine Leidenschaft? Ich freue mich, wenn Unternehmen erfolgreich sind und [&hellip;]<\/p>\n","protected":false},"author":1,"featured_media":0,"parent":0,"menu_order":0,"comment_status":"closed","ping_status":"closed","template":"","meta":{"footnotes":""},"class_list":["post-62","page","type-page","status-publish","hentry"],"yoast_head":"<!-- This site is optimized with the Yoast SEO plugin v25.5 - https:\/\/yoast.com\/wordpress\/plugins\/seo\/ -->\n<title>\u00dcber mich -<\/title>\n<meta name=\"robots\" content=\"index, follow, max-snippet:-1, max-image-preview:large, max-video-preview:-1\" \/>\n<link rel=\"canonical\" href=\"https:\/\/nagaraflow.com\/?page_id=62\" \/>\n<meta property=\"og:locale\" content=\"en_US\" \/>\n<meta property=\"og:type\" content=\"article\" \/>\n<meta property=\"og:title\" content=\"\u00dcber mich -\" \/>\n<meta property=\"og:description\" content=\"Mein Antrieb? Nach \u00fcber 35 Jahren Industrieerfahrung \u2013 von kleinen Betrieben bis zu gro\u00dfen internationalen Unternehmen \u2013 kenne ich die praktischen Herausforderungen genau.Diesen Erfahrungsschatz setze ich heute ein, um Unternehmen dabei zu unterst\u00fctzen, ihre Abl\u00e4ufe und ihre Zusammenarbeit neu zu denken: einfacher, effizienter und nachhaltiger. Meine Leidenschaft? Ich freue mich, wenn Unternehmen erfolgreich sind und [&hellip;]\" \/>\n<meta property=\"og:url\" content=\"https:\/\/nagaraflow.com\/?page_id=62\" \/>\n<meta property=\"article:modified_time\" content=\"2025-07-17T14:17:54+00:00\" \/>\n<meta name=\"twitter:card\" content=\"summary_large_image\" \/>\n<meta name=\"twitter:label1\" content=\"Est. reading time\" \/>\n\t<meta name=\"twitter:data1\" content=\"1 minute\" \/>\n<script type=\"application\/ld+json\" class=\"yoast-schema-graph\">{\"@context\":\"https:\/\/schema.org\",\"@graph\":[{\"@type\":\"WebPage\",\"@id\":\"https:\/\/nagaraflow.com\/?page_id=62\",\"url\":\"https:\/\/nagaraflow.com\/?page_id=62\",\"name\":\"\u00dcber mich -\",\"isPartOf\":{\"@id\":\"https:\/\/nagaraflow.com\/#website\"},\"datePublished\":\"2025-07-16T17:59:48+00:00\",\"dateModified\":\"2025-07-17T14:17:54+00:00\",\"breadcrumb\":{\"@id\":\"https:\/\/nagaraflow.com\/?page_id=62#breadcrumb\"},\"inLanguage\":\"en-US\",\"potentialAction\":[{\"@type\":\"ReadAction\",\"target\":[\"https:\/\/nagaraflow.com\/?page_id=62\"]}]},{\"@type\":\"BreadcrumbList\",\"@id\":\"https:\/\/nagaraflow.com\/?page_id=62#breadcrumb\",\"itemListElement\":[{\"@type\":\"ListItem\",\"position\":1,\"name\":\"Home\",\"item\":\"https:\/\/nagaraflow.com\/\"},{\"@type\":\"ListItem\",\"position\":2,\"name\":\"\u00dcber mich\"}]},{\"@type\":\"WebSite\",\"@id\":\"https:\/\/nagaraflow.com\/#website\",\"url\":\"https:\/\/nagaraflow.com\/\",\"name\":\"\",\"description\":\"\",\"potentialAction\":[{\"@type\":\"SearchAction\",\"target\":{\"@type\":\"EntryPoint\",\"urlTemplate\":\"https:\/\/nagaraflow.com\/?s={search_term_string}\"},\"query-input\":{\"@type\":\"PropertyValueSpecification\",\"valueRequired\":true,\"valueName\":\"search_term_string\"}}],\"inLanguage\":\"en-US\"}]}<\/script>\n<!-- \/ Yoast SEO plugin. -->","yoast_head_json":{"title":"\u00dcber mich -","robots":{"index":"index","follow":"follow","max-snippet":"max-snippet:-1","max-image-preview":"max-image-preview:large","max-video-preview":"max-video-preview:-1"},"canonical":"https:\/\/nagaraflow.com\/?page_id=62","og_locale":"en_US","og_type":"article","og_title":"\u00dcber mich -","og_description":"Mein Antrieb? Nach \u00fcber 35 Jahren Industrieerfahrung \u2013 von kleinen Betrieben bis zu gro\u00dfen internationalen Unternehmen \u2013 kenne ich die praktischen Herausforderungen genau.Diesen Erfahrungsschatz setze ich heute ein, um Unternehmen dabei zu unterst\u00fctzen, ihre Abl\u00e4ufe und ihre Zusammenarbeit neu zu denken: einfacher, effizienter und nachhaltiger. Meine Leidenschaft? Ich freue mich, wenn Unternehmen erfolgreich sind und [&hellip;]","og_url":"https:\/\/nagaraflow.com\/?page_id=62","article_modified_time":"2025-07-17T14:17:54+00:00","twitter_card":"summary_large_image","twitter_misc":{"Est. reading time":"1 minute"},"schema":{"@context":"https:\/\/schema.org","@graph":[{"@type":"WebPage","@id":"https:\/\/nagaraflow.com\/?page_id=62","url":"https:\/\/nagaraflow.com\/?page_id=62","name":"\u00dcber mich -","isPartOf":{"@id":"https:\/\/nagaraflow.com\/#website"},"datePublished":"2025-07-16T17:59:48+00:00","dateModified":"2025-07-17T14:17:54+00:00","breadcrumb":{"@id":"https:\/\/nagaraflow.com\/?page_id=62#breadcrumb"},"inLanguage":"en-US","potentialAction":[{"@type":"ReadAction","target":["https:\/\/nagaraflow.com\/?page_id=62"]}]},{"@type":"BreadcrumbList","@id":"https:\/\/nagaraflow.com\/?page_id=62#breadcrumb","itemListElement":[{"@type":"ListItem","position":1,"name":"Home","item":"https:\/\/nagaraflow.com\/"},{"@type":"ListItem","position":2,"name":"\u00dcber mich"}]},{"@type":"WebSite","@id":"https:\/\/nagaraflow.com\/#website","url":"https:\/\/nagaraflow.com\/","name":"","description":"","potentialAction":[{"@type":"SearchAction","target":{"@type":"EntryPoint","urlTemplate":"https:\/\/nagaraflow.com\/?s={search_term_string}"},"query-input":{"@type":"PropertyValueSpecification","valueRequired":true,"valueName":"search_term_string"}}],"inLanguage":"en-US"}]}},"_links":{"self":[{"href":"https:\/\/nagaraflow.com\/index.php?rest_route=\/wp\/v2\/pages\/62","targetHints":{"allow":["GET"]}}],"collection":[{"href":"https:\/\/nagaraflow.com\/index.php?rest_route=\/wp\/v2\/pages"}],"about":[{"href":"https:\/\/nagaraflow.com\/index.php?rest_route=\/wp\/v2\/types\/page"}],"author":[{"embeddable":true,"href":"https:\/\/nagaraflow.com\/index.php?rest_route=\/wp\/v2\/users\/1"}],"replies":[{"embeddable":true,"href":"https:\/\/nagaraflow.com\/index.php?rest_route=%2Fwp%2Fv2%2Fcomments&post=62"}],"version-history":[{"count":4,"href":"https:\/\/nagaraflow.com\/index.php?rest_route=\/wp\/v2\/pages\/62\/revisions"}],"predecessor-version":[{"id":107,"href":"https:\/\/nagaraflow.com\/index.php?rest_route=\/wp\/v2\/pages\/62\/revisions\/107"}],"wp:attachment":[{"href":"https:\/\/nagaraflow.com\/index.php?rest_route=%2Fwp%2Fv2%2Fmedia&parent=62"}],"curies":[{"name":"wp","href":"https:\/\/api.w.org\/{rel}","templated":true}]}}